0215
In base 6, what is 23423404 + -1325?
23422035
In base 4, what is -1003011321203 + 0?
-1003011321203
In base 8, what is -207335130 - -4?
-207335124
In base 5, what is -3210023204 + -4?
-3210023213
In base 10, what is 3046550 + -6?
3046544
In base 14, what is 2580c448 + -3?
2580c445
In base 10, what is 1670795 - 52?
1670743
In base 14, what is 697d - 901?
607c
In base 3, what is -211102110122000 + 11?
-211102110121212
In base 6, what is 4 + -23224423122?
-23224423114
In base 5, what is -21 + -1021303301?
-1021303322
In base 12, what is -505 + -b7762?
-b8067
In base 11, what is -229a - -3073?
884
In base 4, what is -20230123222 + -3?
-20230123231
In base 2, what is -100100110101100001111 - 1011?
-100100110101100011010
In base 10, what is 9427 + 130?
9557
In base 4, what is 3 - -22203110320?
22203110323
In base 12, what is -5b54b3 - -2?
-5b54b1
In base 7, what is 5 - -35342?
35350
In base 11, what is 847 - -5429?
6175
In base 10, what is -1753104 + 304?
-1752800
In base 13, what is 0 + 1599799?
1599799
In base 13, what is 44a + 7b49c?
7b919
In base 3, what is 1220011100001 + -102?
1220011022122
In base 7, what is -30 + -21235461?
-21235521
In base 6, what is -541153452 - 0?
-541153452
In base 4, what is -22 - -13200233022?
13200233000
In base 6, what is 40214141 + 0?
40214141
In base 11, what is 1557377 - -2?
1557379
In base 14, what is -45b9c0 + -5?
-45b9c5
In base 14, what is 6161aa9b + -1?
6161aa9a
In base 5, what is 11032020420 + -4?
11032020411
In base 10, what is -5625 - -5701?
76
In base 14, what is 14b45 - 3348?
117db
In base 7, what is 20634031 - 2?
20634026
In base 16, what is -10 + 1cbdd9?
1cbdc9
In base 11, what is 182616 + 176?
182791
In base 13, what is 0 + 25458c8?
25458c8
In base 4, what is -20123203 - 12002?
-20201211
In base 4, what is -2313 + 231131130?
231122211
In base 2, what is -10001001011001110001111 + 1?
-10001001011001110001110
In base 13, what is 8368b7 + -2?
8368b5
In base 2, what is -110011110001000101011000 + 100?
-110011110001000101010100
In base 9, what is -25 + 1613401?
1613365
In base 6, what is -130011 + 105130?
-20441
In base 2, what is -101 - -101000110000100011100100?
101000110000100011011111
In base 16, what is 17b - -2ea2?
301d
In base 15, what is 13 + -110929?
-110916
In base 7, what is 11 + -46260620?
-46260606
In base 11, what is -3a71309 - -3?
-3a71306
In base 10, what is 15 + -695973?
-695958
In base 11, what is 282525010 - 1?
28252500a
In base 8, what is 13175 + -6771?
4204
In base 3, what is 10101011010 - -10?
10101011020
In base 4, what is 11010010120 - -33?
11010010213
In base 5, what is 1 + 11242034314?
11242034320
In base 14, what is -2037 + 5196?
315d
In base 14, what is -2a9919 - b?
-2a9926
In base 5, what is -22032214 - -430?
-22031234
In base 9, what is 38226266 + -22?
38226244
In base 10, what is 16 - 1313238?
-1313222
In base 12, what is 41 - 292a058?
-292a017
In base 6, what is 1 - -52415040?
52415041
In base 15, what is 53b - 10cea?
-107ae
In base 14, what is 224c96b1 + -2?
224c96ad
In base 5, what is -22212001342 + -4?
-22212001401
In base 7, what is 331052 - 31244?
266505
In base 12, what is b048 - 164?
aaa4
In base 15, what is -b2c3 + 15e7?
-9bcb
In base 8, what is -131132 + -42?
-131174
In base 13, what is 0 - -1444b1?
1444b1
In base 16, what is -699795 + -23?
-6997b8
In base 12, what is -3 - -b32809?
b32806
In base 12, what is 58a42b5 + -16?
58a429b
In base 14, what is 79 + -2b720d?
-2b7174
In base 13, what is 5bc4812 + 1a?
5bc482c
In base 9, what is -273503683 - 2?
-273503685
In base 15, what is 2 - -2323?
2325
In base 3, what is -110211 + 102101121112?
102101010201
In base 2, what is -1 - -101010111111010011001111?
101010111111010011001110
In base 9, what is -3 - 4445273?
-4445276
In base 10, what is 788 + -729229?
-728441
In base 13, what is -4 + 286920a?
2869206
In base 2, what is 11 - -1000100000011001011110101011?
1000100000011001011110101110
In base 6, what is 3152 - 3542555?
-3535403
In base 12, what is 139588224 + 3?
139588227
In base 3, what is -121020022022202202 + -10?
-121020022022202212
In base 8, what is 426 - 362545?
-362117
In base 12, what is 165523888 - -1?
165523889
In base 9, what is -6 - -75886433?
75886426
In base 6, what is -13132 + 5554555?
5541423
In base 16, what is -8 - -2d9b?
2d93
In base 11, what is 23416 - 6a1?
22825
In base 5, what is -4024420023001 + -10?
-4024420023011
In base 10, what is -30330162 + 2?
-30330160
In base 7, what is -1163134 - -35102?
-1125032
In base 14, what is 1884c38 - -29?
1884c63
In base 8, what is -15351434 + -3?
-15351437
In base 10, what is 5 + -1682168?
-1682163
In base 14, what is -1 - 402821?
-402822
In base 9, what is -8500 + -38128?
-47628
In base 3, what is -21010002212 - 1110221?
-21011120210
In base 3, what is -100201202 + 22101110?
-1100022
In base 15, what is -6 + -1be89a?
-1be8a1
In base 9, what is -25 + 1183346?
1183321
In base 13, what is -c + 3b889c?
3b8890
In base 14, what is bc9 - 220?
9a9
In base 12, what is 7 - 38a0a8?
-38a0a1
In base 7, what is 3541 + 54?
3625
In base 12, what is 53a0b818 + -2?
53a0b816
In base 13, what is 3203a57 - 24?
3203a33
In base 4, what is -1102 - 33222302201?
-33222303303
In base 3, what is -21000000110021 + -2?
-21000000110100
In base 6, what is 12 - 1055231351?
-1055231335
In base 4, what is -22000 + -132030?
-220030
In base 16, what is -2 - f785d8?
-f785da
In base 7, what is -43 + 1050510?
1050434
In base 3, what is -20220212020 + -202?
-20220212222
In base 12, what is 14162b95 - -1?
14162b96
In base 14, what is 4 - 29554?
-29550
In base 13, what is 21 + 448247?
448268
In base 8, what is 246670 - -554?
247444
In base 14, what is -1 + -1cba189?
-1cba18a
In base 16, what is -2 + 26c6144?
26c6142
In base 4, what is -102010200 - 122021?
-102132221
In base 4, what is 103220 - 10220232121?
-10220122301
In base 15, what is -bbe716c4 - -2?
-bbe716c2
In base 16, what is -1 + 323e27?
323e26
In base 16, what is -b071e6 + 1?
-b071e5
In base 16, what is e65 + -1792?
-92d
In base 4, what is 22 + 3131332213?
3131332301
In base 7, what is -10441526 + 40?
-10441456
In base 16, what is -180a + e51?
-9b9
In base 8, what is 41 + 1327012?
1327053
In base 13, what is -15b8a - 1b80?
-17a3a
In base 3, what is 0 + -1101021112222100?
-1101021112222100
In base 10, what is -6039 - -979?
-5060
In base 5, what is -10004 - -212132102?
212122043
In base 8, what is -7 + -124077530?
-124077537
In base 5, what is -3 - -11204313440?
11204313432
In base 12, what is -1362 - -1703?
361
In base 12, what is 1944a56 + -11?
1944a45
In base 16, what is -87 - 2ec79?
-2ed00
In base 13, what is -19a8 + -15c2?
-329a
In base 6, what is -1533 - 120452?
-122425
In base 6, what is 101014 + 1355?
102413
In base 2, what is -1110000110000011111111 - 1000001?
-1110000110000101000000
In base 14, what is -1106a + 627a?
-8bd0
In base 16, what is f2128 - -172?
f229a
In base 12, what is 49 - 5798a?
-57941
In base 13, what is 281b2639 - 0?
281b2639
In base 9, what is 221477 - 83?
221384
In base 14, what is 6bc - ca46?
-c368
In base 9, what is -106316004 - 15?
-106316020
In base 9, what is 284157210 + -5?
284157204
In base 6, what is 203 + -21254410?
-21254203
In base 8, what is -46640 - -477?
-46141
In base 14, what is -354a - 7266?
-a7b2
In base 7, what is -114 + 1055662?
1055545
In base 11, what is 410260 - -2?
410262
In base 7, what is 3500066216 + -4?
3500066212
In base 7, what is -134 + -26233?
-26400
In base 9, what is -10 - 408381?
-408401
In base 4, what is 21222030322 - -11?
21222030333
In base 3, what is 2101002 + -102011202?
-22210200
In base 4, what is 102213 - -321112310?
321221123
In base 11, what is 2 - -10712967?
10712969
In base 10, what is 138637 + -1586?
137051
In base 2, what is -100 - -100001001100011101110010000?
100001001100011101110001100
In base 14, what is -64d - 17b73?
-183c2
In base 4, what is 0 + 233021101320?
233021101320
In base 3, what is 1201101102 - 1110012?
1122221020
In base 14, what is -a + 31034?
31028
In base 16, what is -1aa437 - -4?
-1aa433
In base 16, what is -304a1b - -2d?
-3049ee
In base 4, what is -11 - -13002323031?
13002323020
In base 9, what is 187 + 1003645?
1003843
In base 5, what is -224140 - -42113?
-132022
In base 12, what is 1a + 29414?
29432
In base 4, what is -1333201 + 12023